j**2 - 155*j + 1475. Calculate p(145).
25
Let x(p) = -54*p**2 + 643*p - 136. Calculate x(12).
-196
Let f(v) = 12*v**3 + 24*v**2 - 62*v - 83. Give f(4).
821
Let p(g) = 339*g**2 + 1738*g + 2165. Give p(-3).
2
Let x(c) = 53*c - 1481. Give x(37).
480
Let l(p) = 3*p**3 - 4*p**2 + 1060*p - 7525. What is l(7)?
728
Let k(c) = -2058*c + 373442. What is k(182)?
-1114
Let i(b) = -4*b**2 - 2970*b + 22185. Give i(-750).
-315
Let b(q) = 77774*q + 77767. Determine b(-1).
-7
Let l(z) = 73771*z - 2877076. Calculate l(39).
-7
Let u(p) = -p**3 + 70*p**2 - 303*p - 408. Calculate u(66).
-2982
Let z(j) = 89656*j + 9413930. Determine z(-105).
50
Let v(k) = 541*k - 5523. Calculate v(10).
-113
Let s(m) = -541*m - 2672. What is s(-4)?
-508
Let h(d) = 4*d**2 + 1733*d + 171659. Determine h(-280).
19
Let f(q) = -190*q - 2844. Give f(-15).
6
Let k(r) = 10*r**2 - 853*r + 8792. Give k(12).
-4
Let y(h) = h**2 - 42161*h + 3744402. Determine y(89).
-6
Let g(m) = -19198*m - 1420364. What is g(-74)?
288
Let v(n) = -1916*n - 70889. Calculate v(-37).
3
Let s(g) = -g**3 + 322*g**2 + 8673*g + 717. Determine s(347).
23
Let b(z) = 17*z**2 + 2472*z - 1156. What is b(-146)?
304
Let s(c) = c**3 - 133*c**2 + 884*c - 240. Give s(126).
12
Let a(l) = -l**3 + 32*l**2 - 255*l + 114. What is a(21)?
-390
Let o(s) = -2036*s + 26605. Determine o(13).
137
Let y(x) = 41*x**2 + 359*x - 2999. What is y(-14)?
11
Let m(r) = -34*r**2 + 248*r + 2142. Give m(-9).
-2844
Let k(b) = -b**3 - 32*b**2 - 458*b - 13248. Calculate k(-31).
-11
Let w(v) = -4*v**2 + 608*v + 65713. What is w(225)?
13
Let f(r) = -47*r**3 + 7004*r**2 - 150*r + 614. Determine f(149).
465
Let y(v) = 7200*v + 2822399. What is y(-392)?
-1
Let l(v) = -244493*v - 978156. Give l(-4).
-184
Let v(m) = 34*m**3 - 8498*m**2 - 508*m + 2021. Determine v(250).
21
Let b(n) = -16*n**2 + 526*n + 7. What is b(33)?
-59
Let s(h) = 2*h**3 - 94*h**2 - 1280*h - 44. What is s(-11)?
0
Let p(f) = 7*f**2 - 5051*f + 429888. Calculate p(623).
18
Let w(m) = 2*m**3 - 11*m**2 - 20*m + 91. Calculate w(2).
23
Let u(i) = -4076*i + 57075. What is u(14)?
11
Let o(v) = v**2 - 9862*v - 78978. Calculate o(-8).
-18
Let f(v) = 2*v**3 - 12*v**2 + 241*v - 4474. Give f(16).
4502
Let h(v) = v**3 + 264*v**2 + 2815*v - 2509. Determine h(-12).
-1
Let n(q) = q**3 + 3*q**2 - 66*q + 31. Determine n(20).
7911
Let q(m) = -m**2 + 60230*m - 602415. Calculate q(10).
-215
Let b(f) = f**3 - 241*f**2 - 505*f + 4634. Give b(243).
17
Let w(l) = 7129*l + 92587. Determine w(-13).
-90
Let q(j) = -2*j**2 + 592*j - 24194. What is q(49)?
12
Let s(y) = -6*y**3 - 171*y**2 - 278*y - 5397. Calculate s(-28).
35
Let m(n) = 19*n**2 + 226*n + 53. Give m(-11).
-134
Let o(m) = -207*m - 3614. What is o(-18)?
112
Let n(b) = 2*b**2 - 359*b + 1436. Determine n(4).
32
Let b(n) = 3*n**2 - 6432*n - 189053. What is b(-29)?
-2
Let t(z) = -10*z**2 + 1502*z - 14894. Calculate t(10).
-874
Let a(k) = -2*k**3 + 97*k**2 + 139*k - 276. What is a(50)?
-826
Let g(u) = 8*u**3 + 4*u**2 - 812*u - 2445. What is g(-3)?
-189
Let b(c) = -c**2 - 181*c + 3283. Give b(-201).
-737
Let c(s) = -384*s - 10683. Calculate c(-29).
453
Let d(o) = 35698*o - 5925858. Give d(166).
10
Let k(w) = -433*w**2 + 1684*w - 27. Give k(4).
-219
Let n(o) = -o**3 + 23*o**2 - 80*o + 25. Calculate n(4).
9
Let z(j) = -2506*j - 12521. Determine z(-5).
9
Let v(l) = -417*l**2 + 1079*l + 4. What is v(3)?
-512
Let u(p) = p**3 + 112*p**2 + 611*p + 55490. Determine u(-111).
-10
Let a(d) = 14*d**3 + 126*d**2 + 14*d - 85. Determine a(-11).
-3627
Let r(s) = 5*s**3 - 213*s**2 + 1098*s + 102. Calculate r(5).
892
Let a(w) = 22421*w**2 + 336308*w - 112. Calculate a(-15).
-7
Let n(b) = b**3 - 170*b**2 + 4818*b + 278. Calculate n(36).
62
Let u(n) = -n**3 + 828*n**2 + 29291*n - 612. Give u(-34).
-34
Let x(a) = 543254*a - 543309. What is x(1)?
-55
Let x(f) = -7329*f - 791540. Determine x(-108).
-8
Let d(p) = -2*p**3 + 17*p**2 - 15*p + 516. Determine d(10).
66
Let h(g) = 1300*g**2 + 27293*g - 9. Give h(-21).
138
Let r(o) = -o**3 + 99*o**2 - 900*o + 1232. Determine r(89).
342
Let b(v) = 2*v**2 + 67344*v - 5671004. Calculate b(84).
4
Let n(b) = -b**3 - 49*b**2 - 606*b - 129. What is n(-25)?
21
Let p(f) = 1178*f + 151984. Determine p(-129).
22
Let d(j) = -2*j**3 + 121*j**2 + 691*j + 264. What is d(66)?
-2046
Let z(i) = i**3 + 5*i**2 + 23*i. What is z(-7)?
-259
Let h(o) = 4*o**3 + 88*o**2 - 4760*o - 4. Calculate h(-47).
2816
Let k(z) = 12*z**2 + 139*z + 369. What is k(-6)?
-33
Let h(i) = 10195*i - 71380. What is h(7)?
-15
Let k(r) = r**3 - 198*r**2 + 5945*r + 436. What is k(37)?
-8
Let n(l) = 1504*l - 735327. Give n(489).
129
Let h(u) = -13*u**2 + 17253*u + 314783. What is h(-18)?
17
Let k(c) = -9*c**3 - 134*c**2 + 12*c - 76. Give k(-15).
-31
Let c(n) = -n**3 + 66*n**2 - 1036*n - 59. Calculate c(26).
45
Let l(d) = -d**3 - 22*d**2 + 140*d + 143. Give l(-27).
8
Let l(m) = 365*m**2 - 235*m - 488. What is l(-2)?
1442
Let d(g) = -544*g**2 + 11*g + 57. Determine d(2).
-2097
Let m(l) = -l**2 - 3146*l + 108145. Determine m(34).
25
Let v(n) = n**2 - 46582*n + 1815171. Give v(39).
-6
Let a(k) = 989*k - 30546. Calculate a(31).
113
Let q(b) = 10*b**2 + 721*b - 354. Determine q(-72).
-426
Let t(u) = 85*u**2 - 1354*u - 80. Calculate t(16).
16
Let h(v) = -5*v**2 + 225*v - 353. Give h(43).
77
Let g(m) = -3*m**3 - 57*m**2 - 73*m + 74. Calculate g(-17).
-419
Let i(z) = -6*z**2 + 3242*z + 169426. Give i(-48).
-14
Let z(r) = 55*r**3 + 2216*r**2 + 641*r + 19. What is z(-40)?
-21
Let z(t) = 144718*t - 723555. Determine z(5).
35
Let t(n) = -78*n**3 + 57*n**2 + 142*n - 26. Calculate t(-3).
2167
Let f(w) = -30*w**2 + 792*w + 353. Determine f(26).
665
Let a(r) = 1428*r + 363300. What is a(-254)?
588
Let a(p) = -138*p**3 - 3*p**2 + 1889*p - 1886. Calculate a(1).
-138
Let l(m) = -162*m - 70707. Give l(-435).
-237
Let c(l) = -18084*l - 72458. Determine c(-4).
-122
Let a(z) = -3814*z + 131395. Calculate a(34).
1719
Let g(h) = 181*h + 4250. What is g(-23)?
87
Let h(p) = 17550*p + 192687. What is h(-11)?
-363
Let t(i) = 176471*i - 705889. Give t(4).
-5
Let y(w) = -649*w**3 - 5*w**2 + 7*w + 3. Determine y(1).
-644
Let d(z) = -2*z**3 + 468*z**2 + 465*z + 1661. Give d(235).
486
Let w(b) = -7*b**2 - 482*b + 2844. Determine w(6).
-300
Let c(q) = -1563*q - 6365. What is c(-4)?
-113
Let u(k) = -2*k**3 + 851*k**2 + 42863*k - 937. Calculate u(471).
5
Let f(d) = -d**3 - 819*d**2 - 19075*d + 97. What is f(-24)?
-23
Let u(q) = q**3 + q**2 + 1097*q - 6790. Calculate u(6).
44
Let y(x) = 5584*x + 5552. Give y(-1).
-32
Let u(m) = m**3 - 162*m**2 - 837*m + 296. Calculate u(167).
-38
Let u(v) = -2091*v + 113093. Give u(54).
179
Let s(x) = -12095*x + 1294213. Calculate s(107).
48
Let i(y) = 648994*y - 1297999. Give i(2).
-11
Let i(b) = 4367*b + 48165. Calculate i(-11).
128
Let n(r) = r**2 + 85*r + 1652. Calculate n(-62).
226
Let c(q) = 48*q**2 + 1816*q - 20236. Give c(9).
-4
Let n(h) = -605*h**2 - 14529*h - 165. Give n(-24).
51
Let z(k) = 4*k**3 - 791*k**2 - 22276*k - 23. Give z(-25).
2
Let j(g) = -9*g**3 - 214*g**2 - 692*g - 318. Give j(-20).
-78
Let y(d) = 2*d**3 - 21*d**2 - 1073*d + 2946. Calculate y(-20).
6
Let u(z) = -96*z + 7685. Determine u(80).
5
Let q(p) = -633258*p - 633245. Calculate q(-1).
13
Let j(a) = a**3 + 35*a**2 - 204*a - 3886. Determine j(-38).
-466
Let a(s) = s**2 - 2482*s - 629630. Give a(-232).
18
Let d(z) = -166*z + 9614. Determine d(55).
484
Let h(n) = n**2 + 461*n - 8561. Give h(18).
61
Let n(d) = 3*d**3 - 16*d**2 - 2047*d - 157. Give n(29).
191
Let m(y) = -1192*y**2 - 2405*y - 36. What is m(-2)?
6
Let a(y) = -272*y - 48937. Calculate a(-182).
567
Let w(g) = 126*g**2 + 575*g + 372. Give w(-4).
88
Let s(m) = -6204124*m + 43428876. What is s(7)?
8
Let d(o) = 2542*o**2 - 27958*o - 33. Calculate d(11).
11
Let s(w) = 2324*w - 2368186. Give s(1019).
-30
Let l(z) = -3755*z - 127654. Give l(-34).
16
Let m(i) = 68*i**2 + 732*i - 41. Calculate m(-12).
967
Let h(a) = -22*a**2 - 118*a + 400. Determine h(-5).
440
Let o(g) = -g**3 - 61*g**2 - 216*g - 9110. What is o(-60)?
250
Let o(h) = -6*h**2 + 90*h - 334. Give o(7).
2
Let x(q) = -109*q**2 + 25*q + 60. Determine x(-3).
-996
Let v(b) = -106*b + 3865. Calculate v(44).
-799
Let m(x) = 3*x**2 + 4044*x - 462367. What is m(106)?
5
Let s(n) = n**2 + 63878*n - 7423291. Calculate s(